[INFO] fetching crate wasm-translator 0.1.3...
[INFO] checking wasm-translator-0.1.3 against master#cfbc6d4cf1acbac5c025acf8ed68929caa551df3 for pr-75494-beta
[INFO] extracting crate wasm-translator 0.1.3 into /workspace/builds/worker-0/source
[INFO] validating manifest of crates.io crate wasm-translator 0.1.3 on toolchain cfbc6d4cf1acbac5c025acf8ed68929caa551df3
[INFO] running `Command { std: "/workspace/cargo-home/bin/cargo" "+cfbc6d4cf1acbac5c025acf8ed68929caa551df3" "read-manifest" "--manifest-path" "Cargo.toml", kill_on_drop: false }`
[INFO] started tweaking crates.io crate wasm-translator 0.1.3
[INFO] finished tweaking crates.io crate wasm-translator 0.1.3
[INFO] tweaked toml for crates.io crate wasm-translator 0.1.3 written to /workspace/builds/worker-0/source/Cargo.toml
[INFO] running `Command { std: "/workspace/cargo-home/bin/cargo" "+cfbc6d4cf1acbac5c025acf8ed68929caa551df3" "generate-lockfile" "--manifest-path" "Cargo.toml" "-Zno-index-update", kill_on_drop: false }`
[INFO] [stderr]     Blocking waiting for file lock on package cache
[INFO] running `Command { std: "/workspace/cargo-home/bin/cargo" "+cfbc6d4cf1acbac5c025acf8ed68929caa551df3" "fetch" "--locked" "--manifest-path" "Cargo.toml", kill_on_drop: false }`
[INFO] [stderr]  Downloading crates ...
[INFO] [stderr]   Downloaded wasm-core v0.2.15
[INFO] running `Command { std: "docker" "create" "-v" "/var/lib/crater-agent-workspace/builds/worker-0/target:/opt/rustwide/target:rw,Z" "-v" "/var/lib/crater-agent-workspace/builds/worker-0/source:/opt/rustwide/workdir:ro,Z" "-v" "/var/lib/crater-agent-workspace/cargo-home:/opt/rustwide/cargo-home:ro,Z" "-v" "/var/lib/crater-agent-workspace/rustup-home:/opt/rustwide/rustup-home:ro,Z" "-e" "SOURCE_DIR=/opt/rustwide/workdir" "-e" "CARGO_TARGET_DIR=/opt/rustwide/target" "-e" "CARGO_HOME=/opt/rustwide/cargo-home" "-e" "RUSTUP_HOME=/opt/rustwide/rustup-home" "-w" "/opt/rustwide/workdir" "-m" "1610612736" "--user" "0:0" "--network" "none" "rustops/crates-build-env@sha256:a636fd89d022f18117e1dc8fb37a0a009933cdbbe082814857f0e2024962d47c" "/opt/rustwide/cargo-home/bin/cargo" "+cfbc6d4cf1acbac5c025acf8ed68929caa551df3" "metadata" "--no-deps" "--format-version=1", kill_on_drop: false }`
[INFO] [stdout] 0318deb2e066725bbbb02fcff358fddbb5eb193ab4d28f5f9ef9a587e1ff594a
[INFO] [stderr] WARNING: Your kernel does not support swap limit capabilities or the cgroup is not mounted. Memory limited without swap.
[INFO] running `Command { std: "docker" "start" "-a" "0318deb2e066725bbbb02fcff358fddbb5eb193ab4d28f5f9ef9a587e1ff594a", kill_on_drop: false }`
[INFO] running `Command { std: "docker" "inspect" "0318deb2e066725bbbb02fcff358fddbb5eb193ab4d28f5f9ef9a587e1ff594a", kill_on_drop: false }`
[INFO] running `Command { std: "docker" "rm" "-f" "0318deb2e066725bbbb02fcff358fddbb5eb193ab4d28f5f9ef9a587e1ff594a", kill_on_drop: false }`
[INFO] [stdout] 0318deb2e066725bbbb02fcff358fddbb5eb193ab4d28f5f9ef9a587e1ff594a
[INFO] running `Command { std: "docker" "create" "-v" "/var/lib/crater-agent-workspace/builds/worker-0/target:/opt/rustwide/target:rw,Z" "-v" "/var/lib/crater-agent-workspace/builds/worker-0/source:/opt/rustwide/workdir:ro,Z" "-v" "/var/lib/crater-agent-workspace/cargo-home:/opt/rustwide/cargo-home:ro,Z" "-v" "/var/lib/crater-agent-workspace/rustup-home:/opt/rustwide/rustup-home:ro,Z" "-e" "SOURCE_DIR=/opt/rustwide/workdir" "-e" "CARGO_TARGET_DIR=/opt/rustwide/target" "-e" "CARGO_INCREMENTAL=0" "-e" "RUST_BACKTRACE=full" "-e" "RUSTFLAGS=--cap-lints=forbid" "-e" "CARGO_HOME=/opt/rustwide/cargo-home" "-e" "RUSTUP_HOME=/opt/rustwide/rustup-home" "-w" "/opt/rustwide/workdir" "-m" "1610612736" "--user" "0:0" "--network" "none" "rustops/crates-build-env@sha256:a636fd89d022f18117e1dc8fb37a0a009933cdbbe082814857f0e2024962d47c" "/opt/rustwide/cargo-home/bin/cargo" "+cfbc6d4cf1acbac5c025acf8ed68929caa551df3" "check" "--frozen" "--all" "--all-targets" "--message-format=json", kill_on_drop: false }`
[INFO] [stdout] fbc3fbcf119ba26294f1f6eaf7f77d13651607fe13a7b335111f4b5e9f5396b7
[INFO] [stderr] WARNING: Your kernel does not support swap limit capabilities or the cgroup is not mounted. Memory limited without swap.
[INFO] running `Command { std: "docker" "start" "-a" "fbc3fbcf119ba26294f1f6eaf7f77d13651607fe13a7b335111f4b5e9f5396b7", kill_on_drop: false }`
[INFO] [stderr]    Compiling memchr v2.3.3
[INFO] [stderr]    Compiling maybe-uninit v2.0.0
[INFO] [stderr]    Compiling ucd-util v0.1.8
[INFO] [stderr]    Compiling regex v0.2.11
[INFO] [stderr]    Compiling lazy_static v1.4.0
[INFO] [stderr]    Compiling byteorder v1.3.4
[INFO] [stderr]    Compiling semver-parser v0.7.0
[INFO] [stderr]    Compiling utf8-ranges v1.0.4
[INFO] [stderr]    Compiling cc v1.0.59
[INFO] [stderr]    Compiling syn v1.0.39
[INFO] [stderr]    Compiling serde_derive v1.0.115
[INFO] [stderr]     Checking stable_deref_trait v1.2.0
[INFO] [stderr]    Compiling ryu v1.0.5
[INFO] [stderr]    Compiling serde_json v1.0.57
[INFO] [stderr]     Checking itoa v0.4.6
[INFO] [stderr]    Compiling thread_local v0.3.6
[INFO] [stderr]     Checking owning_ref v0.3.3
[INFO] [stderr]     Checking log v0.4.11
[INFO] [stderr]     Checking rand v0.4.6
[INFO] [stderr]    Compiling regex-syntax v0.5.6
[INFO] [stderr]    Compiling semver v0.9.0
[INFO] [stderr]     Checking log v0.3.9
[INFO] [stderr]     Checking smallvec v0.6.13
[INFO] [stderr]    Compiling aho-corasick v0.6.10
[INFO] [stderr]     Checking bincode v1.3.1
[INFO] [stderr]     Checking parking_lot_core v0.2.14
[INFO] [stderr]     Checking parking_lot v0.5.5
[INFO] [stderr]     Checking parity-wasm v0.27.6
[INFO] [stderr]    Compiling llvm-sys v60.5.0
[INFO] [stderr]     Checking wasm-core v0.2.15
[INFO] [stdout] error[E0554]: `#![feature]` may not be used on the beta release channel
[INFO] [stdout]  --> /opt/rustwide/cargo-home/registry/src/github.com-1ecc6299db9ec823/wasm-core-0.2.15/src/lib.rs:3:1
[INFO] [stdout]   |
[INFO] [stdout] 3 | #![feature(alloc)]
[INFO] [stdout]   | ^^^^^^^^^^^^^^^^^^
[INFO] [stdout] 
[INFO] [stdout] 
[INFO] [stdout] error[E0554]: `#![feature]` may not be used on the beta release channel
[INFO] [stdout]  --> /opt/rustwide/cargo-home/registry/src/github.com-1ecc6299db9ec823/wasm-core-0.2.15/src/lib.rs:4:1
[INFO] [stdout]   |
[INFO] [stdout] 4 | #![feature(nll)]
[INFO] [stdout]   | ^^^^^^^^^^^^^^^^
[INFO] [stdout] 
[INFO] [stdout] 
[INFO] [stdout] error[E0554]: `#![feature]` may not be used on the beta release channel
[INFO] [stdout]  --> /opt/rustwide/cargo-home/registry/src/github.com-1ecc6299db9ec823/wasm-core-0.2.15/src/lib.rs:5:1
[INFO] [stdout]   |
[INFO] [stdout] 5 | #![feature(core_intrinsics)]
[INFO] [stdout]   | ^^^^^^^^^^^^^^^^^^^^^^^^^^^^
[INFO] [stdout] 
[INFO] [stdout] 
[INFO] [stdout] error[E0554]: `#![feature]` may not be used on the beta release channel
[INFO] [stdout]  --> /opt/rustwide/cargo-home/registry/src/github.com-1ecc6299db9ec823/wasm-core-0.2.15/src/lib.rs:6:1
[INFO] [stdout]   |
[INFO] [stdout] 6 | #![feature(underscore_lifetimes)]
[INFO] [stdout]   | ^^^^^^^^^^^^^^^^^^^^^^^^^^^^^^^^^
[INFO] [stdout] 
[INFO] [stdout] 
[INFO] [stdout] error[E0554]: `#![feature]` may not be used on the beta release channel
[INFO] [stdout]  --> /opt/rustwide/cargo-home/registry/src/github.com-1ecc6299db9ec823/wasm-core-0.2.15/src/lib.rs:7:1
[INFO] [stdout]   |
[INFO] [stdout] 7 | #![feature(test)]
[INFO] [stdout]   | ^^^^^^^^^^^^^^^^^
[INFO] [stdout] 
[INFO] [stdout] 
[INFO] [stdout] error: aborting due to 5 previous errors
[INFO] [stdout] 
[INFO] [stdout] 
[INFO] [stdout] For more information about this error, try `rustc --explain E0554`.
[INFO] [stdout] 
[INFO] [stderr] error: could not compile `wasm-core`.
[INFO] [stderr] 
[INFO] [stderr] To learn more, run the command again with --verbose.
[INFO] running `Command { std: "docker" "inspect" "fbc3fbcf119ba26294f1f6eaf7f77d13651607fe13a7b335111f4b5e9f5396b7", kill_on_drop: false }`
[INFO] running `Command { std: "docker" "rm" "-f" "fbc3fbcf119ba26294f1f6eaf7f77d13651607fe13a7b335111f4b5e9f5396b7", kill_on_drop: false }`
[INFO] [stdout] fbc3fbcf119ba26294f1f6eaf7f77d13651607fe13a7b335111f4b5e9f5396b7
